{"id":817,"date":"2021-02-14T23:19:35","date_gmt":"2021-02-14T23:19:35","guid":{"rendered":"https:\/\/escritoriodeadvocaciarj.com.br\/?page_id=817"},"modified":"2021-10-06T02:55:59","modified_gmt":"2021-10-06T02:55:59","slug":"family-law","status":"publish","type":"page","link":"https:\/\/www.escritoriodeadvocaciarj.com.br\/english\/lawyers-expertise\/family-law\/","title":{"rendered":"Family and Successions"},"content":{"rendered":"<div id='full_slider_1'  class='avia-fullwidth-slider main_color avia-shadow   avia-builder-el-0  el_before_av_section  avia-builder-el-first   container_wrap fullsize' style=' '  ><div   data-size='featured'  data-lightbox_size='large'  data-animation='slide'  data-conditional_play=''  data-ids='1380'  data-video_counter='0'  data-autoplay='false'  data-bg_slider='false'  data-slide_height=''  data-handle='av_slideshow_full'  data-interval='5'  data-class=' '  data-el_id=''  data-css_id=''  data-scroll_down=''  data-control_layout='av-control-hidden'  data-custom_markup=''  data-perma_caption=''  data-autoplay_stopper=''  data-image_attachment=''  data-min_height='450px'  data-src=''  data-position='top left'  data-repeat='no-repeat'  data-attach='scroll'  data-stretch=''  data-default-height='28.666666666667'  class='avia-slideshow avia-slideshow-1  av-control-hidden av-default-height-applied avia-slideshow-featured av_slideshow_full   avia-slide-slider '  itemprop=\"image\" itemscope=\"itemscope\" itemtype=\"https:\/\/schema.org\/ImageObject\" ><ul class='avia-slideshow-inner ' style='padding-bottom: 41.9921875%;' ><li  class=' av-single-slide slide-1 ' ><div data-rel='slideshow-1' class='avia-slide-wrap '   ><div class = \"caption_fullwidth av-slideshow-caption caption_center\"><div class = \"container caption_container\"><div class = \"slideshow_caption\"><div class = \"slideshow_inner_caption\"><div class = \"slideshow_align_caption\"><h1  style='color:#ffffff; ' class='avia-caption-title titulosareas '  itemprop=\"name\" >FAMILY AND SUCCESSIONS<\/h1><div class='avia-caption-content  av-small-font-size-overwrite av-small-font-size-18 av-mini-font-size-overwrite av-mini-font-size-18 av_inherit_color'  itemprop=\"description\"   style='color:#ffffff; '><p>Fam\u00edlia, a base de tudo. Nossa equipe \u00e9 treinada para entender todas as formas de rela\u00e7\u00e3o familiar e adaptar \u00e0 realidade jur\u00eddica, trazendo seguran\u00e7a e harmonia aos envolvidos.<\/p>\n<\/div><\/div><\/div><\/div><\/div><\/div><img src='https:\/\/www.escritoriodeadvocaciarj.com.br\/english\/wp-content\/uploads\/2021\/09\/areas-direito-familia-1024x430.jpg' width='1024' height='430' title='areas-direito-familia' alt=''  itemprop=\"thumbnailUrl\"  style='min-height:450px; min-width:1072px; ' \/><div class='av-section-color-overlay' style='opacity: 0.8; background-color: #000000; '><\/div><\/div><\/li><\/ul><\/div><\/div>\n<div id='av_section_1'  class='avia-section main_color avia-section-huge avia-no-border-styling  avia-bg-style-scroll  avia-builder-el-1  el_after_av_slideshow_full  el_before_av_layout_row   container_wrap fullsize' style=' '  ><div class='container' ><div class='template-page content  av-content-full alpha units'><div class='post-entry post-entry-type-page post-entry-817'><div class='entry-content-wrapper clearfix'>\n<div class=\"flex_column av_one_full  flex_column_div av-zero-column-padding first  avia-builder-el-2  avia-builder-el-no-sibling  \" style='border-radius:0px; '><section class=\"av_textblock_section \"  itemscope=\"itemscope\" itemtype=\"https:\/\/schema.org\/CreativeWork\" ><div class='avia_textblock  '   itemprop=\"text\" ><h2 class=\"p1\"><span style=\"color: #800000;\">FAMILY AND SUCCESSIONS<\/span><\/h2>\n<p>Family Law is responsible for regulating personal and patrimonial relationships arising from marriage, stable union, kinship, guardianship and\/or guardianship. It has legal norms that work in accordance with the constitutional orientation of the concept of family, taking into account the jurisprudential understanding, in the legal sphere, and social transformations, in the context of sociology.<\/p>\n<blockquote>\n<p>IBGE estimates that the ratio between marriage and divorce is <strong>3 to 1.<\/strong><\/p>\n<\/blockquote>\n<blockquote>\n<p><strong>2011:<\/strong> year in which the STF recognized the equalization of relationships between people of the same sex with stable unions between men and women.<\/p>\n<\/blockquote>\n<p>The Family Law team at the Martins Regina Law Firm is qualified to legally assist and provide advice on various issues arising from the family environment, such as:<\/p>\n<p>\u2022 Marriage, Prenuptial Agreement, Bridal Agreement;<br \/>\n\u2022 Deed of Stable Union,<br \/>\n\u2022 Coexistence and Dating Pact;<br \/>\n\u2022 Rights and duties of spouses;<br \/>\n\u2022 Recognition and dissolution of a common-law marriage;<br \/>\n\u2022 Homoaffective union;<br \/>\n\u2022 Food action;<br \/>\n\u2022 Review of marriage alimony abroad and its effects;<br \/>\n\u2022 Correction of civil registration (name change, surname addition, among others);<br \/>\n\u2022 Annulment of marriage;<br \/>\n\u2022 Legal divorce (consensual or contentious) and extrajudicial divorce;<br \/>\n\u2022 Approval of Divorce abroad;<br \/>\n\u2022 Judicial and extrajudicial sharing of the couple&#8217;s assets;<br \/>\n\u2022 Paternity investigation action;<br \/>\n\u2022 Child custody;<br \/>\n\u2022 Family coexistence and visiting regulations (visiting rights);<br \/>\n\u2022 Adoption;<br \/>\n\u2022 Guardianship of minors and guardianship.<\/p>\n<p>In addition to Family Law, but also on family and social relationships, the office has a team specialized in Succession Law, a branch of law that regulates the transfer of assets due to the loss of a loved one.<\/p>\n<blockquote>\n<p><strong>44%<\/strong> increase in inventories compared to 2019.<\/p>\n<\/blockquote>\n<p>In this sense, the office acts in the interests of the heirs since the<br \/>\n\u2022 opening of a judicial and extrajudicial inventory;<br \/>\n\u2022 Sharing of assets in the inheritance;<br \/>\n\u2022 Acceptance or waiver of inheritance;<br \/>\n\u2022 Opening of will;<br \/>\n\u2022 Consultation prior to death;<br \/>\n\u2022 Preparation of Wills;<br \/>\n\u2022 Succession Planning.<\/p>\n<\/div><\/section><\/div><\/div><\/div><\/div><!-- close content main div --><\/div><\/div><div id='homecontato'  class='av-layout-grid-container entry-content-wrapper alternate_color av-flex-cells     avia-builder-el-4  el_after_av_section  el_before_av_section  submenu-not-first container_wrap fullsize' style=' '  >\n<div class=\"flex_cell no_margin av_one_half  avia-builder-el-5  el_before_av_cell_one_half  avia-builder-el-first   \"  style='height:300px; min-height:300px;vertical-align:middle; padding:50px; ' ><div class='flex_cell_inner' ><p><div  style='padding-bottom:0px; font-size:30px;' class='av-special-heading av-special-heading-h3  blockquote modern-quote  avia-builder-el-6  el_before_av_textblock  avia-builder-el-first  av-inherit-size '><h3 class='av-special-heading-tag '  itemprop=\"headline\"  >Contact us<\/h3><div class='special-heading-border'><div class='special-heading-inner-border' ><\/div><\/div><\/div><br \/>\n<section class=\"av_textblock_section \"  itemscope=\"itemscope\" itemtype=\"https:\/\/schema.org\/CreativeWork\" ><div class='avia_textblock  '   itemprop=\"text\" ><p class=\"p1\">Contact us to arrange a meeting and find out how we can help you.<\/p>\n<\/div><\/section><br \/>\n<form action=\"https:\/\/www.escritoriodeadvocaciarj.com.br\/english\/lawyers-expertise\/family-law\/\" method=\"post\"  class=\"avia_ajax_form av-form-labels-hidden   avia-builder-el-8  el_after_av_textblock  avia-builder-el-last   \" data-avia-form-id=\"1\" data-avia-redirect='' ><fieldset><p class='  first_form  form_element form_fullwidth' id='element_avia_1_1'><label for=\"avia_1_1\">Name <abbr class=\"required\" title=\"required\">*<\/abbr><\/label> <input name=\"avia_1_1\" class=\"text_input is_empty\" type=\"text\" id=\"avia_1_1\" value=\"\"  placeholder='Name*'\/><\/p><p class='  first_form  form_element form_fullwidth' id='element_avia_2_1'><label for=\"avia_2_1\">E-Mail <abbr class=\"required\" title=\"required\">*<\/abbr><\/label> <input name=\"avia_2_1\" class=\"text_input is_email\" type=\"text\" id=\"avia_2_1\" value=\"\"  placeholder='E-Mail*'\/><\/p><p class='  first_form  form_element form_fullwidth' id='element_avia_3_1'><label for=\"avia_3_1\">Phone Number<\/label> <input name=\"avia_3_1\" class=\"text_input \" type=\"text\" id=\"avia_3_1\" value=\"\"  placeholder='Phone Number'\/><\/p><p class='  first_form  form_element form_fullwidth av-last-visible-form-element' id='element_avia_4_1'><label for=\"avia_4_1\" class=\"textare_label hidden textare_label_avia_4_1\">Message <abbr class=\"required\" title=\"required\">*<\/abbr><\/label><textarea  placeholder='Message*' name=\"avia_4_1\" class=\"text_area is_empty\" cols=\"40\" rows=\"7\" id=\"avia_4_1\" ><\/textarea><\/p><p class=\"hidden\"><input type=\"text\" name=\"avia_5_1\" class=\"hidden \" id=\"avia_5_1\" value=\"\" \/><\/p><p class=\"form_element \"><input type=\"hidden\" value=\"1\" name=\"avia_generated_form1\" \/><input type=\"submit\" value=\"Send\" class=\"button\"  data-sending-label=\"Sending\"\/><\/p><\/fieldset><\/form><div id=\"ajaxresponse_1\" class=\"ajaxresponse ajaxresponse_1 hidden\"><\/div><\/p>\n<\/div><\/div><a class=\"av-screen-reader-only\" href=\"https:\/\/www.google.com.br\/maps\/place\/Av.+Nilo+Pe%C3%A7anha,+50+-+Centro,+Rio+de+Janeiro+-+RJ,+20020-100\/@-22.9061484,-43.1798594,17z\/data=!3m1!4b1!4m5!3m4!1s0x997f5ff049266b:0x6de3f1191751331!8m2!3d-22.9061484!4d-43.1776707\" target=\"_blank\" rel=\"noopener\">Follow a manual added link<\/a><div class=\"flex_cell no_margin av_one_half  avia-builder-el-9  el_after_av_cell_one_half  avia-builder-el-last   avia-full-stretch av-zero-padding avia-link-column av-cell-link \"  style='height:300px; min-height:300px;background:url(https:\/\/www.escritoriodeadvocaciarj.com.br\/english\/wp-content\/uploads\/2021\/09\/screen-mapa-02.jpg) center center no-repeat scroll #ffffff; vertical-align:middle; padding:0px; background-color:#ffffff; '  data-link-column-url=\"https:\/\/www.google.com.br\/maps\/place\/Av.+Nilo+Pe%C3%A7anha,+50+-+Centro,+Rio+de+Janeiro+-+RJ,+20020-100\/@-22.9061484,-43.1798594,17z\/data=!3m1!4b1!4m5!3m4!1s0x997f5ff049266b:0x6de3f1191751331!8m2!3d-22.9061484!4d-43.1776707\"  data-link-column-target=\"_blank\" ><div class='flex_cell_inner' ><\/div><\/div>\n<\/div><\/p>\n<div id='enderecos'  class='avia-section main_color avia-section-large avia-no-border-styling  avia-bg-style-scroll  avia-builder-el-10  el_after_av_layout_row  el_before_av_section   container_wrap fullsize' style=' '  ><div class='container' ><div class='template-page content  av-content-full alpha units'><div class='post-entry post-entry-type-page post-entry-817'><div class='entry-content-wrapper clearfix'>\n<div class='flex_column_table av-equal-height-column-flextable -flextable' ><div class=\"flex_column av_one_third  no_margin flex_column_table_cell av-equal-height-column av-align-top av-zero-column-padding first  avia-builder-el-11  el_before_av_one_third  avia-builder-el-first  \" style='border-radius:0px; '><section class=\"av_textblock_section \"  itemscope=\"itemscope\" itemtype=\"https:\/\/schema.org\/CreativeWork\" ><div class='avia_textblock  '   itemprop=\"text\" ><p style=\"text-align: center;\"><strong>PHONES AND E-MAIL<\/strong><\/p>\n<p style=\"text-align: center;\">+55 (21) 2532-7311<\/p>\n<p style=\"text-align: center;\">+55 (21) 98777-1186 (Whatsapp)<\/p>\n<p style=\"text-align: center;\">contato@martinsregina.com<\/p>\n<\/div><\/section><\/div><div class=\"flex_column av_one_third  no_margin flex_column_table_cell av-equal-height-column av-align-top av-zero-column-padding   avia-builder-el-13  el_after_av_one_third  el_before_av_one_third  \" style='border-radius:0px; '><section class=\"av_textblock_section \"  itemscope=\"itemscope\" itemtype=\"https:\/\/schema.org\/CreativeWork\" ><div class='avia_textblock  '   itemprop=\"text\" ><p style=\"text-align: center;\"><strong>RIO DE JANEIRO &#8211; DOWNTOWN<\/strong><\/p>\n<p style=\"text-align: center;\">Av. Nilo Pe\u00e7anha 50 \u2013 Office 812<\/p>\n<p style=\"text-align: center;\">Downtown \u2013 Rio de Janeiro \u2013 Brazil<\/p>\n<p style=\"text-align: center;\">CEP 20020-906<\/p>\n<\/div><\/section><\/div><div class=\"flex_column av_one_third  no_margin flex_column_table_cell av-equal-height-column av-align-top av-zero-column-padding   avia-builder-el-15  el_after_av_one_third  avia-builder-el-last  \" style='border-radius:0px; '><section class=\"av_textblock_section \"  itemscope=\"itemscope\" itemtype=\"https:\/\/schema.org\/CreativeWork\" ><div class='avia_textblock  '   itemprop=\"text\" ><p style=\"text-align: center;\"><strong>BARRA DA TIJUCA &#8211; RIO DE JANEIRO<\/strong><\/p>\n<p style=\"text-align: center;\">Av. das Am\u00e9ricas 8585 &#8211; Office 339<\/p>\n<p style=\"text-align: center;\">Shopping Vogue Square &#8211; Rio de Janeiro<\/p>\n<p style=\"text-align: center;\">CEP 22631-002<\/p>\n<\/div><\/section><\/div><\/div><!--close column table wrapper. Autoclose: 1 -->\n\n<\/div><\/div><\/div><!-- close content main div --><\/div><\/div><div id='footersocial'  class='avia-section main_color avia-section-no-padding avia-no-border-styling  avia-bg-style-scroll  avia-builder-el-17  el_after_av_section  el_before_av_section   container_wrap fullsize' style=' margin-top:0px; margin-bottom:80px; '  ><div class='container' ><div class='template-page content  av-content-full alpha units'><div class='post-entry post-entry-type-page post-entry-817'><div class='entry-content-wrapper clearfix'>\n<div class=\"flex_column av_one_full  flex_column_div av-zero-column-padding first  avia-builder-el-18  avia-builder-el-no-sibling  \" style='border-radius:0px; '><p><div  style=' margin-top:0px; margin-bottom:60px;'  class='hr hr-custom hr-center hr-icon-no   avia-builder-el-19  el_before_av_font_icon  avia-builder-el-first '><span class='hr-inner  inner-border-av-border-fat' style=' width:100%; border-color:#9b2343;' ><span class='hr-inner-style'><\/span><\/span><\/div><br \/>\n<span  class=\"av_font_icon avia_animate_when_visible av-icon-style-  avia-icon-pos-center \" style=\"color:#852424; border-color:#852424;\"><a href='mailto:contato@martinsregina.com' target=\"_blank\" class='av-icon-char' style='font-size:30px;line-height:30px;' aria-hidden='true' data-av_icon='\ue805' data-av_iconfont='entypo-fontello' data-avia-icon-tooltip=\"&lt;br \/&gt;\nEnvie um email&lt;br \/&gt;\n\" rel=\"noopener\"><\/a><\/span><br \/>\n<span  class=\"av_font_icon avia_animate_when_visible av-icon-style-  avia-icon-pos-center \" style=\"color:#852424; border-color:#852424;\"><a href='https:\/\/api.whatsapp.com\/send?phone=5521987771186&amp;text=Fale%20com%20o%20Martins%20Regina%20pelo%20Whatsapp!' target=\"_blank\" class='av-icon-char' style='font-size:30px;line-height:30px;' aria-hidden='true' data-av_icon='\uf232' data-av_iconfont='entypo-fontello' data-avia-icon-tooltip=\"&lt;br \/&gt;\nWhatsApp&lt;br \/&gt;\n\" rel=\"noopener\"><\/a><\/span><br \/>\n<span  class=\"av_font_icon avia_animate_when_visible av-icon-style-  avia-icon-pos-center \" style=\"color:#852424; border-color:#852424;\"><a href='https:\/\/www.linkedin.com\/company\/martinsregina-advocacia\/' target=\"_blank\" class='av-icon-char' style='font-size:30px;line-height:30px;' aria-hidden='true' data-av_icon='\ue8fc' data-av_iconfont='entypo-fontello' data-avia-icon-tooltip=\"&lt;br \/&gt;\nLinkedin&lt;br \/&gt;\n\" rel=\"noopener\"><\/a><\/span><br \/>\n<span  class=\"av_font_icon avia_animate_when_visible av-icon-style-  avia-icon-pos-center \" style=\"color:#852424; border-color:#852424;\"><a href='https:\/\/www.instagram.com\/martins_regina_advocacia\/' target=\"_blank\" class='av-icon-char' style='font-size:30px;line-height:30px;' aria-hidden='true' data-av_icon='\uf16d' data-av_iconfont='entypo-fontello' data-avia-icon-tooltip=\"&lt;br \/&gt;\nInstagram&lt;br \/&gt;\n\" rel=\"noopener\"><\/a><\/span><\/p><\/div>\n\n<\/div><\/div><\/div><!-- close content main div --><\/div><\/div><div id='footerlinks'  class='avia-section main_color avia-section-huge avia-no-border-styling  avia-bg-style-scroll  avia-builder-el-24  el_after_av_section  avia-builder-el-last   container_wrap fullsize' style='background-color: #f2f2f2;  '  ><div class='container' ><div class='template-page content  av-content-full alpha units'><div class='post-entry post-entry-type-page post-entry-817'><div class='entry-content-wrapper clearfix'>\n<div  style='padding-bottom:60px; margin:0px 0px 0px 0px; color:#666666;' class='av-special-heading av-special-heading-h2 custom-color-heading blockquote modern-quote modern-centered  avia-builder-el-25  el_before_av_one_third  avia-builder-el-first  '><h2 class='av-special-heading-tag '  itemprop=\"headline\"  >LINKS IN THE LAW AREA<\/h2><div class='special-heading-border'><div class='special-heading-inner-border' style='border-color:#666666'><\/div><\/div><\/div>\n<div class=\"flex_column av_one_third  flex_column_div av-zero-column-padding first  avia-builder-el-26  el_after_av_heading  el_before_av_one_third  \" style='border-radius:0px; '><section class=\"av_textblock_section \"  itemscope=\"itemscope\" itemtype=\"https:\/\/schema.org\/CreativeWork\" ><div class='avia_textblock  '   itemprop=\"text\" ><p style=\"text-align: center;\"><a href=\"https:\/\/migalhas.uol.com.br\/\" target=\"_blank\" rel=\"noopener\">Migalhas<\/a><\/p>\n<p style=\"text-align: center;\"><a href=\"https:\/\/www.jota.info\/\" target=\"_blank\" rel=\"noopener\">JOTA<\/a><\/p>\n<p style=\"text-align: center;\"><a href=\"https:\/\/www.conjur.com.br\/\" target=\"_blank\" rel=\"noopener\">Consultor Jur\u00eddico<\/a><\/p>\n<\/div><\/section><\/div><div class=\"flex_column av_one_third  flex_column_div av-zero-column-padding   avia-builder-el-28  el_after_av_one_third  el_before_av_one_third  \" style='border-radius:0px; '><section class=\"av_textblock_section \"  itemscope=\"itemscope\" itemtype=\"https:\/\/schema.org\/CreativeWork\" ><div class='avia_textblock  '   itemprop=\"text\" ><p style=\"text-align: center;\"><a href=\"https:\/\/www.jusbrasil.com.br\/home\" target=\"_blank\" rel=\"noopener\">Jusbrasil<\/a><\/p>\n<p style=\"text-align: center;\"><a href=\"https:\/\/ambitojuridico.com.br\/\" target=\"_blank\" rel=\"noopener\">\u00c2mbito Jur\u00eddico<\/a><\/p>\n<p style=\"text-align: center;\"><a href=\"https:\/\/www.minutosdedireito.com\/\" target=\"_blank\" rel=\"noopener\">Minutos de Direito<\/a><\/p>\n<\/div><\/section><\/div><div class=\"flex_column av_one_third  flex_column_div av-zero-column-padding   avia-builder-el-30  el_after_av_one_third  avia-builder-el-last  \" style='border-radius:0px; '><section class=\"av_textblock_section \"  itemscope=\"itemscope\" itemtype=\"https:\/\/schema.org\/CreativeWork\" ><div class='avia_textblock  '   itemprop=\"text\" ><p style=\"text-align: center;\"><a href=\"https:\/\/juristas.com.br\/\" target=\"_blank\" rel=\"noopener\">Juristas<\/a><\/p>\n<p style=\"text-align: center;\"><a href=\"https:\/\/www.olharjuridico.com.br\/\" target=\"_blank\" rel=\"noopener\">Olhar Jur\u00eddico<\/a><\/p>\n<p style=\"text-align: center;\"><a href=\"https:\/\/www.justificando.com\/\" target=\"_blank\" rel=\"noopener\">Justificando<\/a><\/p>\n<\/div><\/section><\/div>\n\n","protected":false},"excerpt":{"rendered":"","protected":false},"author":2,"featured_media":0,"parent":155,"menu_order":13,"comment_status":"closed","ping_status":"closed","template":"","meta":{"footnotes":""},"yoast_head":"<!-- This site is optimized with the Yoast SEO plugin v19.4 - https:\/\/yoast.com\/wordpress\/plugins\/seo\/ -->\n<title>Family Law - Martins Regina Law Firm - Rio de Janeiro - Brazil<\/title>\n<meta name=\"description\" content=\"Our Family Law team is able to legally assist and provide advice on various issues in the family sphere. Contact us!\" \/>\n<meta name=\"robots\" content=\"index, follow, max-snippet:-1, max-image-preview:large, max-video-preview:-1\" \/>\n<link rel=\"canonical\" href=\"https:\/\/www.escritoriodeadvocaciarj.com.br\/english\/lawyers-expertise\/family-law\/\" \/>\n<meta property=\"og:locale\" content=\"en_US\" \/>\n<meta property=\"og:type\" content=\"article\" \/>\n<meta property=\"og:title\" content=\"Family Law - Martins Regina Law Firm - Rio de Janeiro - Brazil\" \/>\n<meta property=\"og:description\" content=\"Our Family Law team is able to legally assist and provide advice on various issues in the family sphere. Contact us!\" \/>\n<meta property=\"og:url\" content=\"https:\/\/www.escritoriodeadvocaciarj.com.br\/english\/lawyers-expertise\/family-law\/\" \/>\n<meta property=\"og:site_name\" content=\"Martins Regina Law Firm - Rio de Janeiro - Brazil\" \/>\n<meta property=\"article:modified_time\" content=\"2021-10-06T02:55:59+00:00\" \/>\n<meta name=\"twitter:card\" content=\"summary_large_image\" \/>\n<script type=\"application\/ld+json\" class=\"yoast-schema-graph\">{\"@context\":\"https:\/\/schema.org\",\"@graph\":[{\"@type\":\"WebSite\",\"@id\":\"https:\/\/www.escritoriodeadvocaciarj.com.br\/english\/#website\",\"url\":\"https:\/\/www.escritoriodeadvocaciarj.com.br\/english\/\",\"name\":\"Martins Regina Law Firm - Rio de Janeiro - Brazil\",\"description\":\"Law firm located in the downtown of Rio de Janeiro. Lawyers specialized in Property and Business Planning\",\"potentialAction\":[{\"@type\":\"SearchAction\",\"target\":{\"@type\":\"EntryPoint\",\"urlTemplate\":\"https:\/\/www.escritoriodeadvocaciarj.com.br\/english\/?s={search_term_string}\"},\"query-input\":\"required name=search_term_string\"}],\"inLanguage\":\"en\"},{\"@type\":\"WebPage\",\"@id\":\"https:\/\/www.escritoriodeadvocaciarj.com.br\/english\/lawyers-expertise\/family-law\/\",\"url\":\"https:\/\/www.escritoriodeadvocaciarj.com.br\/english\/lawyers-expertise\/family-law\/\",\"name\":\"Family Law - Martins Regina Law Firm - Rio de Janeiro - Brazil\",\"isPartOf\":{\"@id\":\"https:\/\/www.escritoriodeadvocaciarj.com.br\/english\/#website\"},\"datePublished\":\"2021-02-14T23:19:35+00:00\",\"dateModified\":\"2021-10-06T02:55:59+00:00\",\"description\":\"Our Family Law team is able to legally assist and provide advice on various issues in the family sphere. Contact us!\",\"breadcrumb\":{\"@id\":\"https:\/\/www.escritoriodeadvocaciarj.com.br\/english\/lawyers-expertise\/family-law\/#breadcrumb\"},\"inLanguage\":\"en\",\"potentialAction\":[{\"@type\":\"ReadAction\",\"target\":[\"https:\/\/www.escritoriodeadvocaciarj.com.br\/english\/lawyers-expertise\/family-law\/\"]}]},{\"@type\":\"BreadcrumbList\",\"@id\":\"https:\/\/www.escritoriodeadvocaciarj.com.br\/english\/lawyers-expertise\/family-law\/#breadcrumb\",\"itemListElement\":[{\"@type\":\"ListItem\",\"position\":1,\"name\":\"Home\",\"item\":\"https:\/\/www.escritoriodeadvocaciarj.com.br\/english\/\"},{\"@type\":\"ListItem\",\"position\":2,\"name\":\"Lawyers Expertise\",\"item\":\"https:\/\/www.escritoriodeadvocaciarj.com.br\/english\/lawyers-expertise\/\"},{\"@type\":\"ListItem\",\"position\":3,\"name\":\"Family and Successions\"}]}]}<\/script>\n<!-- \/ Yoast SEO plugin. -->","yoast_head_json":{"title":"Family Law - Martins Regina Law Firm - Rio de Janeiro - Brazil","description":"Our Family Law team is able to legally assist and provide advice on various issues in the family sphere. Contact us!","robots":{"index":"index","follow":"follow","max-snippet":"max-snippet:-1","max-image-preview":"max-image-preview:large","max-video-preview":"max-video-preview:-1"},"canonical":"https:\/\/www.escritoriodeadvocaciarj.com.br\/english\/lawyers-expertise\/family-law\/","og_locale":"en_US","og_type":"article","og_title":"Family Law - Martins Regina Law Firm - Rio de Janeiro - Brazil","og_description":"Our Family Law team is able to legally assist and provide advice on various issues in the family sphere. Contact us!","og_url":"https:\/\/www.escritoriodeadvocaciarj.com.br\/english\/lawyers-expertise\/family-law\/","og_site_name":"Martins Regina Law Firm - Rio de Janeiro - Brazil","article_modified_time":"2021-10-06T02:55:59+00:00","twitter_card":"summary_large_image","schema":{"@context":"https:\/\/schema.org","@graph":[{"@type":"WebSite","@id":"https:\/\/www.escritoriodeadvocaciarj.com.br\/english\/#website","url":"https:\/\/www.escritoriodeadvocaciarj.com.br\/english\/","name":"Martins Regina Law Firm - Rio de Janeiro - Brazil","description":"Law firm located in the downtown of Rio de Janeiro. Lawyers specialized in Property and Business Planning","potentialAction":[{"@type":"SearchAction","target":{"@type":"EntryPoint","urlTemplate":"https:\/\/www.escritoriodeadvocaciarj.com.br\/english\/?s={search_term_string}"},"query-input":"required name=search_term_string"}],"inLanguage":"en"},{"@type":"WebPage","@id":"https:\/\/www.escritoriodeadvocaciarj.com.br\/english\/lawyers-expertise\/family-law\/","url":"https:\/\/www.escritoriodeadvocaciarj.com.br\/english\/lawyers-expertise\/family-law\/","name":"Family Law - Martins Regina Law Firm - Rio de Janeiro - Brazil","isPartOf":{"@id":"https:\/\/www.escritoriodeadvocaciarj.com.br\/english\/#website"},"datePublished":"2021-02-14T23:19:35+00:00","dateModified":"2021-10-06T02:55:59+00:00","description":"Our Family Law team is able to legally assist and provide advice on various issues in the family sphere. Contact us!","breadcrumb":{"@id":"https:\/\/www.escritoriodeadvocaciarj.com.br\/english\/lawyers-expertise\/family-law\/#breadcrumb"},"inLanguage":"en","potentialAction":[{"@type":"ReadAction","target":["https:\/\/www.escritoriodeadvocaciarj.com.br\/english\/lawyers-expertise\/family-law\/"]}]},{"@type":"BreadcrumbList","@id":"https:\/\/www.escritoriodeadvocaciarj.com.br\/english\/lawyers-expertise\/family-law\/#breadcrumb","itemListElement":[{"@type":"ListItem","position":1,"name":"Home","item":"https:\/\/www.escritoriodeadvocaciarj.com.br\/english\/"},{"@type":"ListItem","position":2,"name":"Lawyers Expertise","item":"https:\/\/www.escritoriodeadvocaciarj.com.br\/english\/lawyers-expertise\/"},{"@type":"ListItem","position":3,"name":"Family and Successions"}]}]}},"_links":{"self":[{"href":"https:\/\/www.escritoriodeadvocaciarj.com.br\/english\/wp-json\/wp\/v2\/pages\/817"}],"collection":[{"href":"https:\/\/www.escritoriodeadvocaciarj.com.br\/english\/wp-json\/wp\/v2\/pages"}],"about":[{"href":"https:\/\/www.escritoriodeadvocaciarj.com.br\/english\/wp-json\/wp\/v2\/types\/page"}],"author":[{"embeddable":true,"href":"https:\/\/www.escritoriodeadvocaciarj.com.br\/english\/wp-json\/wp\/v2\/users\/2"}],"replies":[{"embeddable":true,"href":"https:\/\/www.escritoriodeadvocaciarj.com.br\/english\/wp-json\/wp\/v2\/comments?post=817"}],"version-history":[{"count":4,"href":"https:\/\/www.escritoriodeadvocaciarj.com.br\/english\/wp-json\/wp\/v2\/pages\/817\/revisions"}],"predecessor-version":[{"id":1683,"href":"https:\/\/www.escritoriodeadvocaciarj.com.br\/english\/wp-json\/wp\/v2\/pages\/817\/revisions\/1683"}],"up":[{"embeddable":true,"href":"https:\/\/www.escritoriodeadvocaciarj.com.br\/english\/wp-json\/wp\/v2\/pages\/155"}],"wp:attachment":[{"href":"https:\/\/www.escritoriodeadvocaciarj.com.br\/english\/wp-json\/wp\/v2\/media?parent=817"}],"curies":[{"name":"wp","href":"https:\/\/api.w.org\/{rel}","templated":true}]}}